[INFO] cloning repository https://github.com/VitalyAnkh/hello
[INFO] running `Command { std: "git" "-c" "credential.helper=" "-c" "credential.helper=/workspace/cargo-home/bin/git-credential-null" "clone" "--bare" "https://github.com/VitalyAnkh/hello" "/workspace/cache/git-repos/https%3A%2F%2Fgithub.com%2FVitalyAnkh%2Fhello", kill_on_drop: false }`
[INFO] [stderr] Cloning into bare repository '/workspace/cache/git-repos/https%3A%2F%2Fgithub.com%2FVitalyAnkh%2Fhello'...
[INFO] running `Command { std: "git" "rev-parse" "HEAD", kill_on_drop: false }`
[INFO] [stdout] ce46fb0a918ce352b3f0bf1ed58c8e0b4ae6a4d0
[INFO] checking VitalyAnkh/hello against try#72f88fc4e9458f89516a0b8b0868f3718aec5b47 for pr-74989
[INFO] running `Command { std: "git" "clone" "/workspace/cache/git-repos/https%3A%2F%2Fgithub.com%2FVitalyAnkh%2Fhello" "/workspace/builds/worker-4/source", kill_on_drop: false }`
[INFO] [stderr] Cloning into '/workspace/builds/worker-4/source'...
[INFO] [stderr] done.
[INFO] validating manifest of git repo https://github.com/VitalyAnkh/hello on toolchain 72f88fc4e9458f89516a0b8b0868f3718aec5b47
[INFO] running `Command { std: "/workspace/cargo-home/bin/cargo" "+72f88fc4e9458f89516a0b8b0868f3718aec5b47" "read-manifest" "--manifest-path" "Cargo.toml", kill_on_drop: false }`
[INFO] started tweaking git repo https://github.com/VitalyAnkh/hello
[INFO] finished tweaking git repo https://github.com/VitalyAnkh/hello
[INFO] tweaked toml for git repo https://github.com/VitalyAnkh/hello written to /workspace/builds/worker-4/source/Cargo.toml
[INFO] crate git repo https://github.com/VitalyAnkh/hello already has a lockfile, it will not be regenerated
[INFO] running `Command { std: "/workspace/cargo-home/bin/cargo" "+72f88fc4e9458f89516a0b8b0868f3718aec5b47" "fetch" "--locked" "--manifest-path" "Cargo.toml", kill_on_drop: false }`
[INFO] running `Command { std: "docker" "create" "-v" "/var/lib/crater-agent-workspace/builds/worker-4/target:/opt/rustwide/target:rw,Z" "-v" "/var/lib/crater-agent-workspace/builds/worker-4/source:/opt/rustwide/workdir:ro,Z" "-v" "/var/lib/crater-agent-workspace/cargo-home:/opt/rustwide/cargo-home:ro,Z" "-v" "/var/lib/crater-agent-workspace/rustup-home:/opt/rustwide/rustup-home:ro,Z" "-e" "SOURCE_DIR=/opt/rustwide/workdir" "-e" "CARGO_TARGET_DIR=/opt/rustwide/target" "-e" "CARGO_HOME=/opt/rustwide/cargo-home" "-e" "RUSTUP_HOME=/opt/rustwide/rustup-home" "-w" "/opt/rustwide/workdir" "-m" "1610612736" "--user" "0:0" "--network" "none" "rustops/crates-build-env@sha256:d92eaeed33fa75130ca1ee6c8a01d1ffb62bac859dfdfb3450e3e5d1c0146529" "/opt/rustwide/cargo-home/bin/cargo" "+72f88fc4e9458f89516a0b8b0868f3718aec5b47" "metadata" "--no-deps" "--format-version=1", kill_on_drop: false }`
[INFO] [stdout] 33b60ac3f0a891134ea3f5732ec5dadd47da9ca6836d33fe92ca6e068f4a34a5
[INFO] [stderr] WARNING: Your kernel does not support swap limit capabilities or the cgroup is not mounted. Memory limited without swap.
[INFO] running `Command { std: "docker" "start" "-a" "33b60ac3f0a891134ea3f5732ec5dadd47da9ca6836d33fe92ca6e068f4a34a5", kill_on_drop: false }`
[INFO] running `Command { std: "docker" "inspect" "33b60ac3f0a891134ea3f5732ec5dadd47da9ca6836d33fe92ca6e068f4a34a5", kill_on_drop: false }`
[INFO] running `Command { std: "docker" "rm" "-f" "33b60ac3f0a891134ea3f5732ec5dadd47da9ca6836d33fe92ca6e068f4a34a5", kill_on_drop: false }`
[INFO] [stdout] 33b60ac3f0a891134ea3f5732ec5dadd47da9ca6836d33fe92ca6e068f4a34a5
[INFO] running `Command { std: "docker" "create" "-v" "/var/lib/crater-agent-workspace/builds/worker-4/target:/opt/rustwide/target:rw,Z" "-v" "/var/lib/crater-agent-workspace/builds/worker-4/source:/opt/rustwide/workdir:ro,Z" "-v" "/var/lib/crater-agent-workspace/cargo-home:/opt/rustwide/cargo-home:ro,Z" "-v" "/var/lib/crater-agent-workspace/rustup-home:/opt/rustwide/rustup-home:ro,Z" "-e" "SOURCE_DIR=/opt/rustwide/workdir" "-e" "CARGO_TARGET_DIR=/opt/rustwide/target" "-e" "CARGO_INCREMENTAL=0" "-e" "RUST_BACKTRACE=full" "-e" "RUSTFLAGS=--cap-lints=forbid" "-e" "CARGO_HOME=/opt/rustwide/cargo-home" "-e" "RUSTUP_HOME=/opt/rustwide/rustup-home" "-w" "/opt/rustwide/workdir" "-m" "1610612736" "--user" "0:0" "--network" "none" "rustops/crates-build-env@sha256:d92eaeed33fa75130ca1ee6c8a01d1ffb62bac859dfdfb3450e3e5d1c0146529" "/opt/rustwide/cargo-home/bin/cargo" "+72f88fc4e9458f89516a0b8b0868f3718aec5b47" "check" "--frozen" "--all" "--all-targets" "--message-format=json", kill_on_drop: false }`
[INFO] [stdout] 86bac42131bcf11365e75be886a676b46383b6582d5fca0f11272f0aa77cef74
[INFO] [stderr] WARNING: Your kernel does not support swap limit capabilities or the cgroup is not mounted. Memory limited without swap.
[INFO] running `Command { std: "docker" "start" "-a" "86bac42131bcf11365e75be886a676b46383b6582d5fca0f11272f0aa77cef74", kill_on_drop: false }`
[INFO] [stderr]     Checking hello v0.1.0 (/opt/rustwide/workdir)
[INFO] [stdout] error[E0411]: expected trait, found self type `Self`
[INFO] [stdout]   --> src/lib.rs:13:31
[INFO] [stdout]    |
[INFO] [stdout] 13 |     fn call_box(self: Box<dyn Self>);
[INFO] [stdout]    |                               ^^^^ `Self` is only available in impls, traits, and type definitions
[INFO] [stdout] 
[INFO] [stdout] 
[INFO] [stdout] error[E0404]: expected trait, found type parameter `F`
[INFO] [stdout]   --> src/lib.rs:17:31
[INFO] [stdout]    |
[INFO] [stdout] 17 |       fn call_box(self: Box<dyn F>) {
[INFO] [stdout]    |                                 ^ help: a trait with a similar name exists: `Fn`
[INFO] [stdout] 
[INFO] [stdout] 
[INFO] [stdout] error: aborting due to 2 previous errors
[INFO] [stdout] 
[INFO] [stdout] 
[INFO] [stdout] Some errors have detailed explanations: E0404, E0411.
[INFO] [stdout] 
[INFO] [stdout] For more information about an error, try `rustc --explain E0404`.
[INFO] [stdout] 
[INFO] [stderr] error: could not compile `hello`.
[INFO] [stderr] 
[INFO] [stderr] To learn more, run the command again with --verbose.
[INFO] [stderr] warning: build failed, waiting for other jobs to finish...
[INFO] [stdout] error[E0411]: expected trait, found self type `Self`
[INFO] [stdout]   --> src/lib.rs:13:31
[INFO] [stdout]    |
[INFO] [stdout] 13 |     fn call_box(self: Box<dyn Self>);
[INFO] [stdout]    |                               ^^^^ `Self` is only available in impls, traits, and type definitions
[INFO] [stdout] 
[INFO] [stdout] 
[INFO] [stdout] error[E0404]: expected trait, found type parameter `F`
[INFO] [stdout]   --> src/lib.rs:17:31
[INFO] [stdout]    |
[INFO] [stdout] 17 |       fn call_box(self: Box<dyn F>) {
[INFO] [stdout]    |                                 ^ help: a trait with a similar name exists: `Fn`
[INFO] [stdout] 
[INFO] [stdout] 
[INFO] [stdout] error: aborting due to 2 previous errors
[INFO] [stdout] 
[INFO] [stdout] 
[INFO] [stdout] Some errors have detailed explanations: E0404, E0411.
[INFO] [stdout] 
[INFO] [stdout] For more information about an error, try `rustc --explain E0404`.
[INFO] [stdout] 
[INFO] [stderr] error: build failed
[INFO] running `Command { std: "docker" "inspect" "86bac42131bcf11365e75be886a676b46383b6582d5fca0f11272f0aa77cef74", kill_on_drop: false }`
[INFO] running `Command { std: "docker" "rm" "-f" "86bac42131bcf11365e75be886a676b46383b6582d5fca0f11272f0aa77cef74", kill_on_drop: false }`
[INFO] [stdout] 86bac42131bcf11365e75be886a676b46383b6582d5fca0f11272f0aa77cef74
